{"id":144,"date":"2023-09-04T10:17:34","date_gmt":"2023-09-04T13:17:34","guid":{"rendered":"https:\/\/institucionales.fceqyn.unam.edu.ar\/especializacionbioquimicaclinica\/?page_id=144"},"modified":"2023-09-04T12:36:42","modified_gmt":"2023-09-04T15:36:42","slug":"autoridades","status":"publish","type":"page","link":"https:\/\/institucionales.fceqyn.unam.edu.ar\/especializacionbioquimicaclinica\/autoridades\/","title":{"rendered":"Autoridades"},"content":{"rendered":"\t\t<div data-elementor-type=\"wp-page\" data-elementor-id=\"144\" class=\"elementor elementor-144\" data-elementor-post-type=\"page\">\n\t\t\t\t<div class=\"elementor-element elementor-element-07f3ead e-flex e-con-boxed e-con e-parent\" data-id=\"07f3ead\" data-element_type=\"container\" data-settings=\"{&quot;background_background&quot;:&quot;classic&quot;}\">\n\t\t\t\t\t<div class=\"e-con-inner\">\n\t\t<div class=\"elementor-element elementor-element-045e424 e-con-full e-flex e-con e-child\" data-id=\"045e424\" data-element_type=\"container\">\n\t\t\t\t<div class=\"elementor-element elementor-element-4d4814d elementor-widget elementor-widget-spacer\" data-id=\"4d4814d\" data-element_type=\"widget\" data-widget_type=\"spacer.default\">\n\t\t\t\t<div class=\"elementor-widget-container\">\n\t\t\t\t\t\t\t<div class=\"elementor-spacer\">\n\t\t\t<div class=\"elementor-spacer-inner\"><\/div>\n\t\t<\/div>\n\t\t\t\t\t\t<\/div>\n\t\t\t\t<\/div>\n\t\t\t\t<\/div>\n\t\t\t\t<div class=\"elementor-element elementor-element-1125616 elementor-widget elementor-widget-heading\" data-id=\"1125616\" data-element_type=\"widget\" data-widget_type=\"heading.default\">\n\t\t\t\t<div class=\"elementor-widget-container\">\n\t\t\t\t\t<h1 class=\"elementor-heading-title elementor-size-default\">Autoridades<\/h1>\t\t\t\t<\/div>\n\t\t\t\t<\/div>\n\t\t<div class=\"elementor-element elementor-element-448605e e-con-full e-flex e-con e-child\" data-id=\"448605e\" data-element_type=\"container\">\n\t\t\t\t<div class=\"elementor-element elementor-element-2c896cd elementor-widget elementor-widget-spacer\" data-id=\"2c896cd\" data-element_type=\"widget\" data-widget_type=\"spacer.default\">\n\t\t\t\t<div class=\"elementor-widget-container\">\n\t\t\t\t\t\t\t<div class=\"elementor-spacer\">\n\t\t\t<div class=\"elementor-spacer-inner\"><\/div>\n\t\t<\/div>\n\t\t\t\t\t\t<\/div>\n\t\t\t\t<\/div>\n\t\t\t\t<\/div>\n\t\t\t\t\t<\/div>\n\t\t\t\t<\/div>\n\t\t<div class=\"elementor-element elementor-element-752ab36 e-flex e-con-boxed e-con e-parent\" data-id=\"752ab36\" data-element_type=\"container\">\n\t\t\t\t\t<div class=\"e-con-inner\">\n\t\t<div class=\"elementor-element elementor-element-ef8320c e-con-full e-flex e-con e-child\" data-id=\"ef8320c\" data-element_type=\"container\">\n\t\t\t\t<div class=\"elementor-element elementor-element-a106f27 elementor-widget elementor-widget-heading\" data-id=\"a106f27\" data-element_type=\"widget\" data-widget_type=\"heading.default\">\n\t\t\t\t<div class=\"elementor-widget-container\">\n\t\t\t\t\t<h3 class=\"elementor-heading-title elementor-size-default\">Director<\/h3>\t\t\t\t<\/div>\n\t\t\t\t<\/div>\n\t\t\t\t<div class=\"elementor-element elementor-element-6a43d26 elementor-widget elementor-widget-text-editor\" data-id=\"6a43d26\" data-element_type=\"widget\" data-widget_type=\"text-editor.default\">\n\t\t\t\t<div class=\"elementor-widget-container\">\n\t\t\t\t\t\t\t\t\t<ul><li>Dr. Cristian Alberto <strong>FERRI<\/strong><\/li><\/ul>\t\t\t\t\t\t\t\t<\/div>\n\t\t\t\t<\/div>\n\t\t\t\t<\/div>\n\t\t<div class=\"elementor-element elementor-element-e520312 e-con-full e-flex e-con e-child\" data-id=\"e520312\" data-element_type=\"container\">\n\t\t<div class=\"elementor-element elementor-element-d578616 e-flex e-con-boxed e-con e-child\" data-id=\"d578616\" data-element_type=\"container\">\n\t\t\t\t\t<div class=\"e-con-inner\">\n\t\t\t\t<div class=\"elementor-element elementor-element-c11aaec elementor-widget elementor-widget-heading\" data-id=\"c11aaec\" data-element_type=\"widget\" data-widget_type=\"heading.default\">\n\t\t\t\t<div class=\"elementor-widget-container\">\n\t\t\t\t\t<h3 class=\"elementor-heading-title elementor-size-default\">Comit\u00e9 Acad\u00e9mico<\/h3>\t\t\t\t<\/div>\n\t\t\t\t<\/div>\n\t\t\t\t\t<\/div>\n\t\t\t\t<\/div>\n\t\t<div class=\"elementor-element elementor-element-44d75a7 e-flex e-con-boxed e-con e-child\" data-id=\"44d75a7\" data-element_type=\"container\">\n\t\t\t\t\t<div class=\"e-con-inner\">\n\t\t<div class=\"elementor-element elementor-element-f1cd086 e-flex e-con-boxed e-con e-child\" data-id=\"f1cd086\" data-element_type=\"container\">\n\t\t\t\t\t<div class=\"e-con-inner\">\n\t\t\t\t<div class=\"elementor-element elementor-element-fcfae55 elementor-widget elementor-widget-heading\" data-id=\"fcfae55\" data-element_type=\"widget\" data-widget_type=\"heading.default\">\n\t\t\t\t<div class=\"elementor-widget-container\">\n\t\t\t\t\t<h4 class=\"elementor-heading-title elementor-size-default\">Titulares<\/h4>\t\t\t\t<\/div>\n\t\t\t\t<\/div>\n\t\t\t\t\t<\/div>\n\t\t\t\t<\/div>\n\t\t<div class=\"elementor-element elementor-element-803c453 e-flex e-con-boxed e-con e-child\" data-id=\"803c453\" data-element_type=\"container\">\n\t\t\t\t\t<div class=\"e-con-inner\">\n\t\t\t\t<div class=\"elementor-element elementor-element-a3de312 elementor-widget elementor-widget-text-editor\" data-id=\"a3de312\" data-element_type=\"widget\" data-widget_type=\"text-editor.default\">\n\t\t\t\t<div class=\"elementor-widget-container\">\n\t\t\t\t\t\t\t\t\t<ul><li>Dra. Graciela Alicia BONNEAU<\/li><li>Bqca. Esp. Marcela Alejandra GUASTAVINO<\/li><li>Mgter. Carolina L. ZACHARZEWSKI<\/li><li>Bqca. Esp. Mar\u00eda Alejandra MANULAK<\/li><li>Dra. Mar\u00eda Mercedes TISCORNIA<\/li><li>Dra. Karina Beatriz ACOSTA<\/li><\/ul>\t\t\t\t\t\t\t\t<\/div>\n\t\t\t\t<\/div>\n\t\t\t\t\t<\/div>\n\t\t\t\t<\/div>\n\t\t\t\t\t<\/div>\n\t\t\t\t<\/div>\n\t\t<div class=\"elementor-element elementor-element-c14e6a1 e-flex e-con-boxed e-con e-child\" data-id=\"c14e6a1\" data-element_type=\"container\">\n\t\t\t\t\t<div class=\"e-con-inner\">\n\t\t<div class=\"elementor-element elementor-element-855b4a3 e-flex e-con-boxed e-con e-child\" data-id=\"855b4a3\" data-element_type=\"container\">\n\t\t\t\t\t<div class=\"e-con-inner\">\n\t\t\t\t<div class=\"elementor-element elementor-element-53866b3 elementor-widget elementor-widget-heading\" data-id=\"53866b3\" data-element_type=\"widget\" data-widget_type=\"heading.default\">\n\t\t\t\t<div class=\"elementor-widget-container\">\n\t\t\t\t\t<h4 class=\"elementor-heading-title elementor-size-default\">Suplentes<\/h4>\t\t\t\t<\/div>\n\t\t\t\t<\/div>\n\t\t\t\t\t<\/div>\n\t\t\t\t<\/div>\n\t\t<div class=\"elementor-element elementor-element-d59390d e-flex e-con-boxed e-con e-child\" data-id=\"d59390d\" data-element_type=\"container\">\n\t\t\t\t\t<div class=\"e-con-inner\">\n\t\t\t\t<div class=\"elementor-element elementor-element-5c06f30 elementor-widget elementor-widget-text-editor\" data-id=\"5c06f30\" data-element_type=\"widget\" data-widget_type=\"text-editor.default\">\n\t\t\t\t<div class=\"elementor-widget-container\">\n\t\t\t\t\t\t\t\t\t<ul><li>Bqca. Esp. Claudia Nora MIR<\/li><li>Mgter. Williams Ren\u00e9 PEDROZO<\/li><\/ul>\t\t\t\t\t\t\t\t<\/div>\n\t\t\t\t<\/div>\n\t\t\t\t\t<\/div>\n\t\t\t\t<\/div>\n\t\t\t\t\t<\/div>\n\t\t\t\t<\/div>\n\t\t\t\t<\/div>\n\t\t\t\t\t<\/div>\n\t\t\t\t<\/div>\n\t\t<div class=\"elementor-element elementor-element-157bad6 e-flex e-con-boxed e-con e-parent\" data-id=\"157bad6\" data-element_type=\"container\">\n\t\t\t\t\t<div class=\"e-con-inner\">\n\t\t\t\t<div class=\"elementor-element elementor-element-c2c87e4 elementor-widget elementor-widget-spacer\" data-id=\"c2c87e4\" data-element_type=\"widget\" data-widget_type=\"spacer.default\">\n\t\t\t\t<div class=\"elementor-widget-container\">\n\t\t\t\t\t\t\t<div class=\"elementor-spacer\">\n\t\t\t<div class=\"elementor-spacer-inner\"><\/div>\n\t\t<\/div>\n\t\t\t\t\t\t<\/div>\n\t\t\t\t<\/div>\n\t\t\t\t\t<\/div>\n\t\t\t\t<\/div>\n\t\t\t\t<\/div>\n\t\t","protected":false},"excerpt":{"rendered":"<p>Autoridades Director Dr. Cristian Alberto FERRI Comit\u00e9 Acad\u00e9mico Titulares Dra. Graciela Alicia BONNEAU Bqca. Esp. Marcela Alejandra GUASTAVINO Mgter. Carolina L. ZACHARZEWSKI Bqca. Esp. Mar\u00eda Alejandra MANULAK Dra. Mar\u00eda Mercedes TISCORNIA Dra. Karina Beatriz ACOSTA Suplentes Bqca. Esp. Claudia Nora MIR Mgter. Williams Ren\u00e9 PEDROZO<\/p>\n","protected":false},"author":1,"featured_media":0,"parent":0,"menu_order":0,"comment_status":"closed","ping_status":"closed","template":"elementor_theme","meta":{"footnotes":""},"class_list":["post-144","page","type-page","status-publish","hentry"],"_links":{"self":[{"href":"https:\/\/institucionales.fceqyn.unam.edu.ar\/especializacionbioquimicaclinica\/wp-json\/wp\/v2\/pages\/144","targetHints":{"allow":["GET"]}}],"collection":[{"href":"https:\/\/institucionales.fceqyn.unam.edu.ar\/especializacionbioquimicaclinica\/wp-json\/wp\/v2\/pages"}],"about":[{"href":"https:\/\/institucionales.fceqyn.unam.edu.ar\/especializacionbioquimicaclinica\/wp-json\/wp\/v2\/types\/page"}],"author":[{"embeddable":true,"href":"https:\/\/institucionales.fceqyn.unam.edu.ar\/especializacionbioquimicaclinica\/wp-json\/wp\/v2\/users\/1"}],"replies":[{"embeddable":true,"href":"https:\/\/institucionales.fceqyn.unam.edu.ar\/especializacionbioquimicaclinica\/wp-json\/wp\/v2\/comments?post=144"}],"version-history":[{"count":31,"href":"https:\/\/institucionales.fceqyn.unam.edu.ar\/especializacionbioquimicaclinica\/wp-json\/wp\/v2\/pages\/144\/revisions"}],"predecessor-version":[{"id":248,"href":"https:\/\/institucionales.fceqyn.unam.edu.ar\/especializacionbioquimicaclinica\/wp-json\/wp\/v2\/pages\/144\/revisions\/248"}],"wp:attachment":[{"href":"https:\/\/institucionales.fceqyn.unam.edu.ar\/especializacionbioquimicaclinica\/wp-json\/wp\/v2\/media?parent=144"}],"curies":[{"name":"wp","href":"https:\/\/api.w.org\/{rel}","templated":true}]}}