{"id":249,"date":"2023-09-04T12:43:50","date_gmt":"2023-09-04T15:43:50","guid":{"rendered":"https:\/\/institucionales.fceqyn.unam.edu.ar\/especializacionbioquimicaclinica\/?page_id=249"},"modified":"2023-09-04T12:52:05","modified_gmt":"2023-09-04T15:52:05","slug":"cuerpo-docente","status":"publish","type":"page","link":"https:\/\/institucionales.fceqyn.unam.edu.ar\/especializacionbioquimicaclinica\/cuerpo-docente\/","title":{"rendered":"Cuerpo Docente"},"content":{"rendered":"\t\t<div data-elementor-type=\"wp-page\" data-elementor-id=\"249\" class=\"elementor elementor-249\" data-elementor-post-type=\"page\">\n\t\t\t\t<div class=\"elementor-element elementor-element-2efdf65 e-flex e-con-boxed e-con e-parent\" data-id=\"2efdf65\" data-element_type=\"container\">\n\t\t\t\t\t<div class=\"e-con-inner\">\n\t\t\t\t<div class=\"elementor-element elementor-element-19aa4c9 elementor-widget elementor-widget-heading\" data-id=\"19aa4c9\" data-element_type=\"widget\" data-widget_type=\"heading.default\">\n\t\t\t\t<div class=\"elementor-widget-container\">\n\t\t\t\t\t<h1 class=\"elementor-heading-title elementor-size-default\">Cuerpo Docente<\/h1>\t\t\t\t<\/div>\n\t\t\t\t<\/div>\n\t\t\t\t\t<\/div>\n\t\t\t\t<\/div>\n\t\t<div class=\"elementor-element elementor-element-ce03835 e-flex e-con-boxed e-con e-parent\" data-id=\"ce03835\" data-element_type=\"container\">\n\t\t\t\t\t<div class=\"e-con-inner\">\n\t\t\t\t<div class=\"elementor-element elementor-element-778de93 elementor-widget elementor-widget-spacer\" data-id=\"778de93\" data-element_type=\"widget\" data-widget_type=\"spacer.default\">\n\t\t\t\t<div class=\"elementor-widget-container\">\n\t\t\t\t\t\t\t<div class=\"elementor-spacer\">\n\t\t\t<div class=\"elementor-spacer-inner\"><\/div>\n\t\t<\/div>\n\t\t\t\t\t\t<\/div>\n\t\t\t\t<\/div>\n\t\t\t\t\t<\/div>\n\t\t\t\t<\/div>\n\t\t<div class=\"elementor-element elementor-element-b6b9334 e-flex e-con-boxed e-con e-parent\" data-id=\"b6b9334\" data-element_type=\"container\">\n\t\t\t\t\t<div class=\"e-con-inner\">\n\t\t<div class=\"elementor-element elementor-element-94f5d1b e-flex e-con-boxed e-con e-parent\" data-id=\"94f5d1b\" data-element_type=\"container\">\n\t\t\t\t\t<div class=\"e-con-inner\">\n\t\t\t\t<div class=\"elementor-element elementor-element-fffcf12 elementor-widget elementor-widget-text-editor\" data-id=\"fffcf12\" data-element_type=\"widget\" data-widget_type=\"text-editor.default\">\n\t\t\t\t<div class=\"elementor-widget-container\">\n\t\t\t\t\t\t\t\t\t<ul><li>Dra. Karina Beatriz ACOSTA<\/li><li>Esp. Cristina Beatriz AGUIRRE<\/li><li>Esp. Ana L\u00eda ALBREKT<\/li><li>Dra. Mar\u00eda Gabriela BALLERINI<\/li><li>Dra. Gabriela BERG<\/li><li>Dra. Graciela BONNEAU<\/li><li>Dra. Jacqueline Diana CAFFETTI<\/li><li>Mgter. Rasc\u00f3n Susana CASTILLO RASC\u00d3N<\/li><li>Esp. Patricia Haydee CHENLO<\/li><li>Dra. Carola CHEROKI<\/li><li>Esp. Susana Mercedes CURI<\/li><li>Dra. Bibiana FABRE<\/li><li>Dr. Cristian Alberto FERRI<\/li><li>Dra. Mar\u00eda Isabel FONSECA<\/li><li>Esp. Mar\u00eda Mercedes FORMICHELA<\/li><li>Dr. Gustavo Daniel FRECHTEL<\/li><li>Dra. Gabriela FURNUS<\/li><li>Esp. Sandra GRENON<\/li><li>Esp. Halina GROSMAN<\/li><li>Esp. Marcela GUASTAVINO<\/li><li>Dra. Mariel HASITEL<\/li><li>Esp. Paola Elizabet HEUER<\/li><li>Mgter. Cristian Alejandro HUMERES<\/li><li>Dra. Mar\u00eda Florencia LABOMBARDA<\/li><li>Dra. Victoria LUX-LANTOS<\/li><li>Esp. Mar\u00eda Alejandra MANULAK<\/li><li>Dra. Gabriela MAR\u00cdN<\/li><li>Bqca. Esp. Maryam Ruth MART\u00ccNEZ FENNIAK<\/li><li>Dra. Viviana MESCH<\/li><li>Esp. Claudia Nora MIR<\/li><li>Esp. Aizhar Giselle MUMBACH<\/li><li>Dra. Beatriz OLIVERI<\/li><li>Mgter. Cristina PASTORI<\/li><li>Mgter. Williams Ren\u00e9 PEDROZO<\/li><li>Esp. Sonia Alicia PILAR<\/li><li>Med. Esp. Mar\u00eda Florencia RODR\u00cdGUEZ<\/li><li>Esp. Ram\u00f3n Augusto S\u00c1NCHEZ<\/li><li>Esp. Mar\u00eda TIBOLLA<\/li><li>Dra. Mar\u00eda Mercedes TISCORNIA<\/li><li>Dra. Marta Isabel TORRES DE MERCAU<\/li><li>Mgter. Carolina ZACHARZEWSKI<\/li><li>Dr. Pedro ZAPATA<\/li><li>Mgter. Jos\u00e9 Alberto ZARZA<\/li><li>Esp. Marisol Andrea ZARZA<\/li><\/ul>\t\t\t\t\t\t\t\t<\/div>\n\t\t\t\t<\/div>\n\t\t\t\t\t<\/div>\n\t\t\t\t<\/div>\n\t\t\t\t\t<\/div>\n\t\t\t\t<\/div>\n\t\t<div class=\"elementor-element elementor-element-189d570 e-flex e-con-boxed e-con e-parent\" data-id=\"189d570\" data-element_type=\"container\">\n\t\t\t\t\t<div class=\"e-con-inner\">\n\t\t\t\t<div class=\"elementor-element elementor-element-90e068d elementor-widget elementor-widget-spacer\" data-id=\"90e068d\" data-element_type=\"widget\" data-widget_type=\"spacer.default\">\n\t\t\t\t<div class=\"elementor-widget-container\">\n\t\t\t\t\t\t\t<div class=\"elementor-spacer\">\n\t\t\t<div class=\"elementor-spacer-inner\"><\/div>\n\t\t<\/div>\n\t\t\t\t\t\t<\/div>\n\t\t\t\t<\/div>\n\t\t\t\t\t<\/div>\n\t\t\t\t<\/div>\n\t\t\t\t<\/div>\n\t\t","protected":false},"excerpt":{"rendered":"<p>Cuerpo Docente Dra. Karina Beatriz ACOSTA Esp. Cristina Beatriz AGUIRRE Esp. Ana L\u00eda ALBREKT Dra. Mar\u00eda Gabriela BALLERINI Dra. Gabriela BERG Dra. Graciela BONNEAU Dra. Jacqueline Diana CAFFETTI Mgter. Rasc\u00f3n Susana CASTILLO RASC\u00d3N Esp. Patricia Haydee CHENLO Dra. Carola CHEROKI Esp. Susana Mercedes CURI Dra. Bibiana FABRE Dr. Cristian Alberto FERRI Dra. Mar\u00eda Isabel FONSECA [&hellip;]<\/p>\n","protected":false},"author":1,"featured_media":0,"parent":0,"menu_order":0,"comment_status":"closed","ping_status":"closed","template":"","meta":{"footnotes":""},"class_list":["post-249","page","type-page","status-publish","hentry"],"_links":{"self":[{"href":"https:\/\/institucionales.fceqyn.unam.edu.ar\/especializacionbioquimicaclinica\/wp-json\/wp\/v2\/pages\/249","targetHints":{"allow":["GET"]}}],"collection":[{"href":"https:\/\/institucionales.fceqyn.unam.edu.ar\/especializacionbioquimicaclinica\/wp-json\/wp\/v2\/pages"}],"about":[{"href":"https:\/\/institucionales.fceqyn.unam.edu.ar\/especializacionbioquimicaclinica\/wp-json\/wp\/v2\/types\/page"}],"author":[{"embeddable":true,"href":"https:\/\/institucionales.fceqyn.unam.edu.ar\/especializacionbioquimicaclinica\/wp-json\/wp\/v2\/users\/1"}],"replies":[{"embeddable":true,"href":"https:\/\/institucionales.fceqyn.unam.edu.ar\/especializacionbioquimicaclinica\/wp-json\/wp\/v2\/comments?post=249"}],"version-history":[{"count":22,"href":"https:\/\/institucionales.fceqyn.unam.edu.ar\/especializacionbioquimicaclinica\/wp-json\/wp\/v2\/pages\/249\/revisions"}],"predecessor-version":[{"id":272,"href":"https:\/\/institucionales.fceqyn.unam.edu.ar\/especializacionbioquimicaclinica\/wp-json\/wp\/v2\/pages\/249\/revisions\/272"}],"wp:attachment":[{"href":"https:\/\/institucionales.fceqyn.unam.edu.ar\/especializacionbioquimicaclinica\/wp-json\/wp\/v2\/media?parent=249"}],"curies":[{"name":"wp","href":"https:\/\/api.w.org\/{rel}","templated":true}]}}

<div data-elementor-type="wp-page" data-elementor-id="249" class="elementor elementor-249" data-elementor-post-type="page">
				<div class="elementor-element elementor-element-2efdf65 e-flex e-con-boxed e-con e-parent" data-id="2efdf65" data-element_type="container">
					<div class="e-con-inner">
				<div class="elementor-element elementor-element-19aa4c9 elementor-widget elementor-widget-heading" data-id="19aa4c9" data-element_type="widget" data-widget_type="heading.default">
				<div class="elementor-widget-container">
					<h1 class="elementor-heading-title elementor-size-default">Cuerpo Docente</h1>				</div>
				</div>
					</div>
				</div>
		<div class="elementor-element elementor-element-ce03835 e-flex e-con-boxed e-con e-parent" data-id="ce03835" data-element_type="container">
					<div class="e-con-inner">
				<div class="elementor-element elementor-element-778de93 elementor-widget elementor-widget-spacer" data-id="778de93" data-element_type="widget" data-widget_type="spacer.default">
				<div class="elementor-widget-container">
							<div class="elementor-spacer">
			<div class="elementor-spacer-inner"></div>
		</div>
						</div>
				</div>
					</div>
				</div>
		<div class="elementor-element elementor-element-b6b9334 e-flex e-con-boxed e-con e-parent" data-id="b6b9334" data-element_type="container">
					<div class="e-con-inner">
		<div class="elementor-element elementor-element-94f5d1b e-flex e-con-boxed e-con e-parent" data-id="94f5d1b" data-element_type="container">
					<div class="e-con-inner">
				<div class="elementor-element elementor-element-fffcf12 elementor-widget elementor-widget-text-editor" data-id="fffcf12" data-element_type="widget" data-widget_type="text-editor.default">
				<div class="elementor-widget-container">
									<ul><li>Dra. Karina Beatriz ACOSTA</li><li>Esp. Cristina Beatriz AGUIRRE</li><li>Esp. Ana Lía ALBREKT</li><li>Dra. María Gabriela BALLERINI</li><li>Dra. Gabriela BERG</li><li>Dra. Graciela BONNEAU</li><li>Dra. Jacqueline Diana CAFFETTI</li><li>Mgter. Rascón Susana CASTILLO RASCÓN</li><li>Esp. Patricia Haydee CHENLO</li><li>Dra. Carola CHEROKI</li><li>Esp. Susana Mercedes CURI</li><li>Dra. Bibiana FABRE</li><li>Dr. Cristian Alberto FERRI</li><li>Dra. María Isabel FONSECA</li><li>Esp. María Mercedes FORMICHELA</li><li>Dr. Gustavo Daniel FRECHTEL</li><li>Dra. Gabriela FURNUS</li><li>Esp. Sandra GRENON</li><li>Esp. Halina GROSMAN</li><li>Esp. Marcela GUASTAVINO</li><li>Dra. Mariel HASITEL</li><li>Esp. Paola Elizabet HEUER</li><li>Mgter. Cristian Alejandro HUMERES</li><li>Dra. María Florencia LABOMBARDA</li><li>Dra. Victoria LUX-LANTOS</li><li>Esp. María Alejandra MANULAK</li><li>Dra. Gabriela MARÍN</li><li>Bqca. Esp. Maryam Ruth MARTÌNEZ FENNIAK</li><li>Dra. Viviana MESCH</li><li>Esp. Claudia Nora MIR</li><li>Esp. Aizhar Giselle MUMBACH</li><li>Dra. Beatriz OLIVERI</li><li>Mgter. Cristina PASTORI</li><li>Mgter. Williams René PEDROZO</li><li>Esp. Sonia Alicia PILAR</li><li>Med. Esp. María Florencia RODRÍGUEZ</li><li>Esp. Ramón Augusto SÁNCHEZ</li><li>Esp. María TIBOLLA</li><li>Dra. María Mercedes TISCORNIA</li><li>Dra. Marta Isabel TORRES DE MERCAU</li><li>Mgter. Carolina ZACHARZEWSKI</li><li>Dr. Pedro ZAPATA</li><li>Mgter. José Alberto ZARZA</li><li>Esp. Marisol Andrea ZARZA</li></ul>								</div>
				</div>
					</div>
				</div>
					</div>
				</div>
		<div class="elementor-element elementor-element-189d570 e-flex e-con-boxed e-con e-parent" data-id="189d570" data-element_type="container">
					<div class="e-con-inner">
				<div class="elementor-element elementor-element-90e068d elementor-widget elementor-widget-spacer" data-id="90e068d" data-element_type="widget" data-widget_type="spacer.default">
				<div class="elementor-widget-container">
							<div class="elementor-spacer">
			<div class="elementor-spacer-inner"></div>
		</div>
						</div>
				</div>
					</div>
				</div>
				</div>

<p>Cuerpo Docente Dra. Karina Beatriz ACOSTA Esp. Cristina Beatriz AGUIRRE Esp. Ana Lía ALBREKT Dra. María Gabriela BALLERINI Dra. Gabriela BERG Dra. Graciela BONNEAU Dra. Jacqueline Diana CAFFETTI Mgter. Rascón Susana CASTILLO RASCÓN Esp. Patricia Haydee CHENLO Dra. Carola CHEROKI Esp. Susana Mercedes CURI Dra. Bibiana FABRE Dr. Cristian Alberto FERRI Dra. María Isabel FONSECA [&hellip;]</p>
