{"id":63,"date":"2023-06-21T11:29:46","date_gmt":"2023-06-21T14:29:46","guid":{"rendered":"https:\/\/institucionales.fceqyn.unam.edu.ar\/redine\/?page_id=63"},"modified":"2025-07-23T01:16:38","modified_gmt":"2025-07-23T04:16:38","slug":"contactenos","status":"publish","type":"page","link":"https:\/\/institucionales.fceqyn.unam.edu.ar\/redine\/contactenos\/","title":{"rendered":"Cont\u00e1ctenos"},"content":{"rendered":"\t\t<div data-elementor-type=\"wp-page\" data-elementor-id=\"63\" class=\"elementor elementor-63\" data-elementor-post-type=\"page\">\n\t\t\t\t<div class=\"elementor-element elementor-element-d8b2470 e-flex e-con-boxed e-con e-parent\" data-id=\"d8b2470\" data-element_type=\"container\">\n\t\t\t\t\t<div class=\"e-con-inner\">\n\t\t\t\t<div class=\"elementor-element elementor-element-50169d8 elementor-widget elementor-widget-text-editor\" data-id=\"50169d8\" data-element_type=\"widget\" data-widget_type=\"text-editor.default\">\n\t\t\t\t<div class=\"elementor-widget-container\">\n\t\t\t\t\t\t\t\t\t<p style=\"text-align: left\"><strong>Sede f\u00edsica de la Red de Investigaci\u00f3n Educativa (REDINE)<\/strong><\/p><p>Aula 26B &#8211; \u00c1rea Pedag\u00f3gica<\/p><p>FCEQyN &#8211; UNaM<\/p>\t\t\t\t\t\t\t\t<\/div>\n\t\t\t\t<\/div>\n\t\t\t\t\t<\/div>\n\t\t\t\t<\/div>\n\t\t<div class=\"elementor-element elementor-element-3ac9b9a e-flex e-con-boxed e-con e-parent\" data-id=\"3ac9b9a\" data-element_type=\"container\">\n\t\t\t\t\t<div class=\"e-con-inner\">\n\t\t\t\t<div class=\"elementor-element elementor-element-9ae45f6 elementor-widget elementor-widget-google_maps\" data-id=\"9ae45f6\" data-element_type=\"widget\" data-widget_type=\"google_maps.default\">\n\t\t\t\t<div class=\"elementor-widget-container\">\n\t\t\t\t\t\t\t<div class=\"elementor-custom-embed\">\n\t\t\t<iframe loading=\"lazy\"\n\t\t\t\t\tsrc=\"https:\/\/maps.google.com\/maps?q=Facultad%20de%20Ciencias%20Exactas%2C%20Qu%C3%ADmicas%20y%20Naturales&#038;t=m&#038;z=14&#038;output=embed&#038;iwloc=near\"\n\t\t\t\t\ttitle=\"Facultad de Ciencias Exactas, Qu\u00edmicas y Naturales\"\n\t\t\t\t\taria-label=\"Facultad de Ciencias Exactas, Qu\u00edmicas y Naturales\"\n\t\t\t><\/iframe>\n\t\t<\/div>\n\t\t\t\t\t\t<\/div>\n\t\t\t\t<\/div>\n\t\t\t\t\t<\/div>\n\t\t\t\t<\/div>\n\t\t<div class=\"elementor-element elementor-element-6cb198a e-flex e-con-boxed e-con e-parent\" data-id=\"6cb198a\" data-element_type=\"container\">\n\t\t\t\t\t<div class=\"e-con-inner\">\n\t\t\t\t<div class=\"elementor-element elementor-element-6f115b0 elementor-widget elementor-widget-text-editor\" data-id=\"6f115b0\" data-element_type=\"widget\" data-widget_type=\"text-editor.default\">\n\t\t\t\t<div class=\"elementor-widget-container\">\n\t\t\t\t\t\t\t\t\t<p style=\"text-align: left\"><strong>Datos de Contacto<\/strong><\/p><p>Tel\u00e9fono: (+54) 376-4435099<\/p><p>Correo: redine@fceqyn.unam.edu.ar<\/p>\t\t\t\t\t\t\t\t<\/div>\n\t\t\t\t<\/div>\n\t\t\t\t\t<\/div>\n\t\t\t\t<\/div>\n\t\t\t\t<\/div>\n\t\t","protected":false},"excerpt":{"rendered":"<p>Sede f\u00edsica de la Red de Investigaci\u00f3n Educativa (REDINE) Aula 26B &#8211; \u00c1rea Pedag\u00f3gica FCEQyN &#8211; UNaM \/*! elementor &#8211; v3.20.0 &#8211; 13-03-2024 *\/ .elementor-widget-google_maps .elementor-widget-container{overflow:hidden}.elementor-widget-google_maps .elementor-custom-embed{line-height:0}.elementor-widget-google_maps iframe{height:300px} Datos de Contacto Tel\u00e9fono: (+54) 376-4435099 Correo: redine@fceqyn.unam.edu.ar<\/p>\n","protected":false},"author":1,"featured_media":0,"parent":0,"menu_order":0,"comment_status":"closed","ping_status":"closed","template":"","meta":{"footnotes":""},"class_list":["post-63","page","type-page","status-publish","hentry"],"_links":{"self":[{"href":"https:\/\/institucionales.fceqyn.unam.edu.ar\/redine\/wp-json\/wp\/v2\/pages\/63","targetHints":{"allow":["GET"]}}],"collection":[{"href":"https:\/\/institucionales.fceqyn.unam.edu.ar\/redine\/wp-json\/wp\/v2\/pages"}],"about":[{"href":"https:\/\/institucionales.fceqyn.unam.edu.ar\/redine\/wp-json\/wp\/v2\/types\/page"}],"author":[{"embeddable":true,"href":"https:\/\/institucionales.fceqyn.unam.edu.ar\/redine\/wp-json\/wp\/v2\/users\/1"}],"replies":[{"embeddable":true,"href":"https:\/\/institucionales.fceqyn.unam.edu.ar\/redine\/wp-json\/wp\/v2\/comments?post=63"}],"version-history":[{"count":28,"href":"https:\/\/institucionales.fceqyn.unam.edu.ar\/redine\/wp-json\/wp\/v2\/pages\/63\/revisions"}],"predecessor-version":[{"id":317,"href":"https:\/\/institucionales.fceqyn.unam.edu.ar\/redine\/wp-json\/wp\/v2\/pages\/63\/revisions\/317"}],"wp:attachment":[{"href":"https:\/\/institucionales.fceqyn.unam.edu.ar\/redine\/wp-json\/wp\/v2\/media?parent=63"}],"curies":[{"name":"wp","href":"https:\/\/api.w.org\/{rel}","templated":true}]}}